{"id":18,"date":"2016-02-16T23:19:16","date_gmt":"2016-02-16T22:19:16","guid":{"rendered":"http:\/\/www.casa-curgnun.ch\/?page_id=18"},"modified":"2016-08-23T07:59:31","modified_gmt":"2016-08-23T05:59:31","slug":"buchen","status":"publish","type":"page","link":"https:\/\/www.casa-curgnun.ch\/?page_id=18","title":{"rendered":"Anfragen"},"content":{"rendered":"<p>Nehmen Sie Kontakt mit uns auf (<a href=\"https:\/\/www.casa-curgnun.ch\/?page_id=20\">Kontaktformular<\/a>)<\/p>\n<p>Anfrage via <a href=\"https:\/\/www.airbnb.de\/rooms\/14646702\">AirBnB<\/a> (wir pr\u00fcfen dann die Verf\u00fcgbarkeit der Wohnung f\u00fcr Sie, innert 24 Stunden erhalten Sie eine Antwort)<\/p>\n<p>Die Verf\u00fcgbarkeit der Wohnung finden Sie hier (<a href=\"http:\/\/shop.surselva.info\/Surselva\/ukv\/house\/TDS00020010856878477?doSearch=1&amp;lang=de&amp;globalReset=1&amp;waiter=1&amp;date_unknown=1&amp;number_adult[0]=2#preise-fewo-kalender-1\">Vermietungsplattform Lumnezia Casa Curgnun<\/a>)<\/p>\n","protected":false},"excerpt":{"rendered":"<p>Nehmen Sie Kontakt mit uns auf (Kontaktformular) Anfrage via AirBnB (wir pr\u00fcfen dann die Verf\u00fcgbarkeit der Wohnung f\u00fcr Sie, innert 24 Stunden erhalten Sie eine Antwort) Die Verf\u00fcgbarkeit der Wohnung finden Sie hier (Vermietungsplattform Lumnezia Casa Curgnun)<\/p>\n","protected":false},"author":1,"featured_media":0,"parent":0,"menu_order":60,"comment_status":"closed","ping_status":"closed","template":"","meta":{"footnotes":""},"class_list":["post-18","page","type-page","status-publish","hentry"],"_links":{"self":[{"href":"https:\/\/www.casa-curgnun.ch\/index.php?rest_route=\/wp\/v2\/pages\/18","targetHints":{"allow":["GET"]}}],"collection":[{"href":"https:\/\/www.casa-curgnun.ch\/index.php?rest_route=\/wp\/v2\/pages"}],"about":[{"href":"https:\/\/www.casa-curgnun.ch\/index.php?rest_route=\/wp\/v2\/types\/page"}],"author":[{"embeddable":true,"href":"https:\/\/www.casa-curgnun.ch\/index.php?rest_route=\/wp\/v2\/users\/1"}],"replies":[{"embeddable":true,"href":"https:\/\/www.casa-curgnun.ch\/index.php?rest_route=%2Fwp%2Fv2%2Fcomments&post=18"}],"version-history":[{"count":9,"href":"https:\/\/www.casa-curgnun.ch\/index.php?rest_route=\/wp\/v2\/pages\/18\/revisions"}],"predecessor-version":[{"id":179,"href":"https:\/\/www.casa-curgnun.ch\/index.php?rest_route=\/wp\/v2\/pages\/18\/revisions\/179"}],"wp:attachment":[{"href":"https:\/\/www.casa-curgnun.ch\/index.php?rest_route=%2Fwp%2Fv2%2Fmedia&parent=18"}],"curies":[{"name":"wp","href":"https:\/\/api.w.org\/{rel}","templated":true}]}}

<p>Nehmen Sie Kontakt mit uns auf (<a href="https://www.casa-curgnun.ch/?page_id=20">Kontaktformular</a>)</p>
<p>Anfrage via <a href="https://www.airbnb.de/rooms/14646702">AirBnB</a> (wir prüfen dann die Verfügbarkeit der Wohnung für Sie, innert 24 Stunden erhalten Sie eine Antwort)</p>
<p>Die Verfügbarkeit der Wohnung finden Sie hier (<a href="http://shop.surselva.info/Surselva/ukv/house/TDS00020010856878477?doSearch=1&amp;lang=de&amp;globalReset=1&amp;waiter=1&amp;date_unknown=1&amp;number_adult[0]=2#preise-fewo-kalender-1">Vermietungsplattform Lumnezia Casa Curgnun</a>)</p>

<p>Nehmen Sie Kontakt mit uns auf (Kontaktformular) Anfrage via AirBnB (wir prüfen dann die Verfügbarkeit der Wohnung für Sie, innert 24 Stunden erhalten Sie eine Antwort) Die Verfügbarkeit der Wohnung finden Sie hier (Vermietungsplattform Lumnezia Casa Curgnun)</p>
